{"id":32,"date":"2015-02-23T13:07:08","date_gmt":"2015-02-23T13:07:08","guid":{"rendered":"http:\/\/berlin-kultur.eu\/?page_id=32"},"modified":"2021-08-21T17:33:58","modified_gmt":"2021-08-21T17:33:58","slug":"about-us","status":"publish","type":"page","link":"https:\/\/berlin-kultur.eu\/?page_id=32","title":{"rendered":"\u00dcber Uns"},"content":{"rendered":"<p><strong>Was ist Berlin-Kultur?<\/strong><\/p>\n<p>Berlin-Kultur ist ein Zusammenschluss von Freunden und F\u00f6rderern der multikulturellen Bildung und Kultur in Berlin und dar\u00fcber hinaus. Wir glauben daran, dass man theoretisch ganz viel \u00fcber andere Menschen und L\u00e4nder lernen kann und doch vielleicht gar nichts \u00fcber sie wei\u00df. Wir glauben daran, dass nur die pers\u00f6nliche Begegnung von Menschen dazu f\u00fchren kann, dass man sich wirklich kennen lernt!<\/p>\n<p>Deswegen bieten wir unsere Hilfe an, wenn es um die Durchf\u00fchrung von kleinen, mittleren oder gro\u00dfen internationalen Projekten im In- und Ausland geht!<\/p>\n<p>&nbsp;<\/p>\n<p><strong>Was bieten wir an?<\/strong><\/p>\n<p>Eine Zeit im Ausland muss immer richtig geplant und organisiert werden. Zwei Dinge sind daf\u00fcr vor allem n\u00f6tig:<\/p>\n<p>1) Erfahrung bei der Durchf\u00fchrung von Projekten<\/p>\n<p>2) Die richtigen, vor allem verl\u00e4sslichen Partner im Ausland<\/p>\n<p>&nbsp;<\/p>\n<p>Wir organisieren deinen Aufenthalt im Ausland und unterst\u00fctzen dich bei der Organisation!<\/p>\n<p>(Reise, Betreuung, Sprachkurs, kulturelle Vorbereitung, Versicherung, Unterkunft, Praktikumsplatz\u2026)<\/p>\n<p>Wir vergeben&nbsp;Stipendien der Europ\u00e4ischen Kommission (Programm Erasmus+). Fragt uns nach&nbsp;F\u00f6rderungsm\u00f6glichkeiten!<\/p>\n<p>&nbsp;<\/p>\n<p>&nbsp;<\/p>\n<p>&nbsp;<\/p>\n<p>&nbsp;<\/p>\n","protected":false},"excerpt":{"rendered":"<p>Was ist Berlin-Kultur? Berlin-Kultur ist ein Zusammenschluss von Freunden und F\u00f6rderern der multikulturellen Bildung und Kultur in Berlin und dar\u00fcber hinaus. Wir glauben daran, dass man theoretisch ganz viel \u00fcber andere Menschen und L\u00e4nder lernen kann und doch vielleicht gar&hellip; <a href=\"https:\/\/berlin-kultur.eu\/?page_id=32\" class=\"more-link\">Continue Reading <span class=\"meta-nav\">&rarr;<\/span><\/a><\/p>\n","protected":false},"author":1,"featured_media":50,"parent":0,"menu_order":0,"comment_status":"closed","ping_status":"open","template":"","meta":[],"_links":{"self":[{"href":"https:\/\/berlin-kultur.eu\/index.php?rest_route=\/wp\/v2\/pages\/32"}],"collection":[{"href":"https:\/\/berlin-kultur.eu\/index.php?rest_route=\/wp\/v2\/pages"}],"about":[{"href":"https:\/\/berlin-kultur.eu\/index.php?rest_route=\/wp\/v2\/types\/page"}],"author":[{"embeddable":true,"href":"https:\/\/berlin-kultur.eu\/index.php?rest_route=\/wp\/v2\/users\/1"}],"replies":[{"embeddable":true,"href":"https:\/\/berlin-kultur.eu\/index.php?rest_route=%2Fwp%2Fv2%2Fcomments&post=32"}],"version-history":[{"count":9,"href":"https:\/\/berlin-kultur.eu\/index.php?rest_route=\/wp\/v2\/pages\/32\/revisions"}],"predecessor-version":[{"id":183,"href":"https:\/\/berlin-kultur.eu\/index.php?rest_route=\/wp\/v2\/pages\/32\/revisions\/183"}],"wp:featuredmedia":[{"embeddable":true,"href":"https:\/\/berlin-kultur.eu\/index.php?rest_route=\/wp\/v2\/media\/50"}],"wp:attachment":[{"href":"https:\/\/berlin-kultur.eu\/index.php?rest_route=%2Fwp%2Fv2%2Fmedia&parent=32"}],"curies":[{"name":"wp","href":"https:\/\/api.w.org\/{rel}","templated":true}]}}